e 6
-2
What is -100 (base 2) in base 5?
-4
Convert -1d (base 16) to base 4.
-131
What is -110 (base 2) in base 16?
-6
-3 (base 13) to base 9
-3
214 (base 5) to base 2
111011
What is -10 (base 3) in base 16?
-3
What is 60 (base 12) in base 7?
132
d (base 15) to base 13
10
Convert -2 (base 11) to base 4.
-2
Convert -11 (base 4) to base 10.
-5
What is -4 (base 9) in base 15?
-4
Convert 7 (base 13) to base 10.
7
What is 1412 (base 5) in base 13?
14b
What is -7 (base 14) in base 15?
-7
Convert 11 (base 13) to base 4.
32
What is -10000 (base 2) in base 6?
-24
Convert -e (base 16) to base 13.
-11
What is 2 (base 10) in base 16?
2
14 (base 15) to base 7
25
-1110 (base 2) to base 9
-15
Convert -5 (base 16) to base 10.
-5
-5 (base 8) to base 7
-5
What is -13 (base 9) in base 5?
-22
Convert -8 (base 16) to base 14.
-8
What is 6 (base 12) in base 6?
10
Convert -100 (base 5) to base 12.
-21
Convert -3 (base 15) to base 14.
-3
-243 (base 5) to base 8
-111
Convert -11010 (base 3) to base 5.
-421
-3 (base 12) to base 4
-3
What is 22 (base 4) in base 5?
20
-f (base 16) to base 2
-1111
11001000 (base 2) to base 13
125
What is 16 (base 8) in base 3?
112
What is 100 (base 2) in base 5?
4
Convert 111 (base 2) to base 10.
7
9 (base 15) to base 6
13
Convert -121 (base 7) to base 2.
-1000000
Convert 141 (base 11) to base 4.
2212
Convert 32 (base 5) to base 13.
14
Convert 2 (base 6) to base 3.
2
Convert 0 (base 13) to base 9.
0
Convert 204 (base 7) to base 15.
6c
2 (base 12) to base 15
2
Convert -64 (base 11) to base 5.
-240
12 (base 10) to base 11
11
What is 15 (base 13) in base 14?
14
10100100 (base 2) to base 14
ba
Convert -47 (base 10) to base 13.
-38
55 (base 10) to base 9
61
What is 10 (base 2) in base 8?
2
-60 (base 11) to base 6
-150
-23 (base 12) to base 7
-36
Convert -28 (base 10) to base 8.
-34
Convert 0 (base 6) to base 3.
0
Convert -8d (base 15) to base 13.
-a3
Convert 112 (base 16) to base 12.
1aa
What is 5 (base 12) in base 3?
12
What is -4 (base 6) in base 13?
-4
Convert -10 (base 15) to base 7.
-21
206 (base 12) to base 6
1210
What is 2a (base 14) in base 11?
35
Convert -2 (base 8) to base 16.
-2
-3 (base 12) to base 2
-11
Convert 43 (base 5) to base 9.
25
Convert -31 (base 13) to base 8.
-50
What is -1022 (base 4) in base 13?
-59
Convert 5b (base 14) to base 3.
10000
Convert 1221 (base 3) to base 16.
34
8 (base 11) to base 3
22
2 (base 8) to base 16
2
Convert -24 (base 9) to base 15.
-17
Convert 1 (base 15) to base 13.
1
-2 (base 4) to base 10
-2
1 (base 16) to base 2
1
-2 (base 5) to base 16
-2
Convert 10 (base 2) to base 10.
2
What is 12 (base 10) in base 14?
c
-22 (base 13) to base 5
-103
Convert 2 (base 7) to base 13.
2
-3 (base 15) to base 13
-3
163 (base 16) to base 6
1351
What is -4 (base 6) in base 9?
-4
What is -21 (base 8) in base 14?
-13
14 (base 5) to base 4
21
Convert -1cc (base 14) to base 8.
-570
What is 10 (base 4) in base 5?
4
-3 (base 5) to base 2
-11
-10 (base 5) to base 2
-101
What is -2 (base 4) in base 12?
-2
What is 16 (base 11) in base 16?
11
What is 3 (base 13) in base 11?
3
10 (base 2) to base 12
2
Convert -1 (base 8) to base 5.
-1
6 (base 12) to base 2
110
What is -110 (base 4) in base 8?
-24
What is -1 (base 10) in base 14?
-1
What is 0 (base 3) in base 4?
0
What is -3 (base 7) in base 10?
-3
0 (base 5) to base 11
0
What is 9 (base 15) in base 16?
9
-3 (base 15) to base 12
-3
Convert -100111 (base 2) to base 16.
-27
Convert -33 (base 8) to base 12.
-23
What is 2 (base 11) in base 7?
2
21 (base 4) to base 10
9
-2 (base 4) to base 6
-2
Convert -124 (base 5) to base 9.
-43
33 (base 7) to base 2
11000
Convert -102 (base 3) to base 4.
-23
What is 197 (base 12) in base 14?
147
What is 43 (base 5) in base 6?
35
What is -b (base 15) in base 9?
-12
Convert 42 (base 7) to base 6.
50
17 (base 16) to base 12
1b
-d1 (base 15) to base 16
-c4
What is 1223 (base 6) in base 5?
2203
What is -153 (base 7) in base 9?
-106
What is -3 (base 4) in base 8?
-3
Convert -19 (base 12) to base 15.
-16
What is 0 (base 12) in base 10?
0
Convert 33 (base 11) to base 16.
24
Convert 136 (base 15) to base 4.
10110
What is 10 (base 3) in base 15?
3
Convert -1010111 (base 2) to base 9.
-106
6 (base 15) to base 4
12
Convert 1 (base 8) to base 13.
1
Convert 12 (base 5) to base 7.
10
5 (base 15) to base 13
5
What is -2 (base 7) in base 3?
-2
What is 177 (base 12) in base 14?
12b
Convert -2121 (base 3) to base 8.
-106
10222 (base 3) to base 5
412
What is 5 (base 9) in base 16?
5
Convert -300 (base 10) to base 7.
-606
Convert 56 (base 8) to base 12.
3a
-9 (base 13) to base 4
-21
What is -3 (base 10) in base 3?
-10
-10 (base 2) to base 5
-2
What is -6 (base 13) in base 11?
-6
Convert -5 (base 12) to base 14.
-5
What is 2 (base 16) in base 11?
2
What is 36 (base 10) in base 2?
100100
Convert -56 (base 11) to base 2.
-111101
What is -50 (base 6) in base 12?
-26
-10202 (base 3) to base 5
-401
What is -11 (base 3) in base 13?
-4
Convert -3 (base 7) to base 12.
-3
What is 2 (base 10) in base 9?
2
Convert 1 (base 16) to base 12.
1
Convert -1303 (base 4) to base 5.
-430
-4 (base 9) to base 4
-10
Convert -71 (base 9) to base 11.
-59
10 (base 3) to base 8
3
1 (base 10) to base 5
1
What is -4 (base 5) in base 4?
-10
4 (base 12) to base 4
10
What is 10021 (base 4) in base 10?
265
Convert 2020 (base 3) to base 15.
40
25 (base 6) to base 5
32
Convert -240 (base 6) to base 15.
-66
What is -552 (base 7) in base 12?
-1b6
What is 63 (base 11) in base 15?
49
What is -1101 (base 3) in base 16?
-25
What is 2 (base 10) in base 7?
2
What is -4 (base 13) in base 9?
-4
-7 (base 9) to base 16
-7
Convert 3 (base 8) to base 2.
11
Convert 0 (base 3) to base 16.
0
7 (base 12) to base 5
12
Convert 30 (base 5) to base 16.
f
-b (base 15) to base 16
-b
Convert -1010100 (base 2) to base 16.
-54
What is -2 (base 7) in base 4?
-2
-9 (base 13) to base 3
-100
53 (base 14) to base 2
1001001
Convert -1 (base 7) to base 4.
-1
18 (base 15) to base 8
27
Convert 2 (base 3) to base 7.
2
20 (base 10) to base 13
17
-2144 (base 5) to base 16
-12b
What is -66 (base 8) in base 12?
-46
-29 (base 14) to base 5
-122
0 (base 5) to base 2
0
What is -11 (base 6) in base 2?
-111
8 (base 15) to base 3
22
What is 12 (base 6) in base 13?
8
61 (base 10) to base 6
141
-52 (base 13) to base 7
-124
22121 (base 3) to base 10
232
Convert b9 (base 16) to base 12.
135
Convert -211 (base 3) to base 8.
-26
What is 111 (base 2) in base 9?
7
Convert 5 (base 13) to base 11.
5
What is 122 (base 15) in base 9?
315
Convert 41 (base 12) to base 16.
31
What is 15 (base 10) in base 6?
23
What is 2 (base 9) in base 3?
2
Convert 10 (base 8) to base 12.
8
What is -10 (base 3) in base 15?
-3
What is 106 (base 12) in base 10?
150
2 (base 3) to base 4
2
Convert 60 (base 8) to base 4.
300
Convert -37 (base 10) to base 4.
-211
Convert 7 (base 14) to base 9.
7
Convert -1 (base 6) to base 3.
-1
-1 (base 2) to base 7
-1
What is 21 (base 3) in base 6?
11
What is -1 (base 10) in base 11?
-1
Convert -4 (base 12) to base 3.
-11
-a3 (base 14) to base 9
-168
-4 (base 10) to base 5
-4
101111 (base 2) to base 6
115
1 (base 4) to base 9
1
Convert -77 (base 10) to base 3.
-2212
Convert -1 (base 14) to base 2.
-1
Convert 10 (base 2) to base 5.
2
Convert a6 (base 13) to base 9.
161
Convert -5a (base 11) to base 16.
-41
Convert 5 (base 13) to base 4.
11
What is -100100000 (base 2) in base 16?
-120
What is 156 (base 8) in base 9?
132
Convert 51 (base 15) to base 10.
76
Convert 3 (base 8) to base 13.
3
What is 16 (base 15) in base 3?
210
1 (base 14) to base 4
1
What is 14 (base 10) in base 8?
16
Convert -1 (base 7) to base 9.
-1
-11 (base 8) to base 11
-9
-23 (base 10) to base 4
-113
Convert -50 (base 13) to base 4.
-1001
Convert 282 (base 9) to base 15.
10b
Convert 5 (base 13) to base 10.
5
-100001 (base 3) to base 15
-114
What is 61 (base 8) in base 5?
144
Convert -68 (base 13) to base 12.
-72
-4 (base 14) to base 6
-4
Convert -113 (base 9) to base 14.
-69
What is 3 (base 14) in base 15?
3
Convert -10 (base 10) to base 4.
-22
What is 6 (base 9) in base 10?
6
3 (base 11) to base 7
3
3 (base 8) to base 5
3
20 (base 5) to base 2
1010
Convert -20 (base 11) to base 4.
-112
-1010 (base 2) to base 8
-12
102 (base 8) to base 2
1000010
What is 27 (base 15) in base 12?
3